site number?
False
Let q = -84 - -80. Is (21342/q)/(87/(-58)) prime?
True
Let x(a) = -21*a**2 - 7*a + 4. Let d be x(1). Let m be d/60 + 464/10. Suppose -m*v = -42*v - 7580. Is v prime?
False
Suppose -24*p + 351316 + 388857 = 215605. Is p a prime number?
False
Let z(k) = k**3 - 4*k**2 - 23*k + 15. Let c be z(7). Is 14753/6 + c/6 a composite number?
False
Let s(k) = 2453*k**2 + 160*k - 2286. Is s(14) composite?
True
Suppose 45 = 6*u + 3. Suppose -3*d - 28 + u = 0. Is 16076/14 - (-2)/d - 1 prime?
False
Let z(s) = 2*s - 25 - 4*s + 2 + 7. Let j be z(-6). Is 3734/8*(j + 8) composite?
False
Let f(l) be the third derivative of -1/6*l**3 + 12*l**2 + 73/6*l**4 + 0 + 0*l. Is f(2) composite?
True
Let j = 71329 + -21476. Is j a prime number?
True
Let a = 49 + -69. Let f(q) = q**3 + 25*q**2 + 48*q + 15. Is f(a) composite?
True
Suppose 86976 = -7*t + 13*t. Suppose -7772 - 6721 = -3*o + 3*q, 2*q = 3*o - t. Is o a prime number?
False
Suppose 30*j - 40511 = 143059. Suppose 7*c - j = 5039. Is c prime?
False
Let w = -1926 - 2626. Let g = 357 - w. Is g a prime number?
True
Suppose 941330 = 115*z - 1103715. Is z a prime number?
True
Let o(y) = -1357*y**2 - 11*y + 11. Let l be o(1). Let b = l + 3284. Is b a prime number?
False
Let s(h) = -h**3 + 3*h**3 - 29*h - 31*h**2 - 1 + 18*h**2. Is s(14) composite?
True
Let l(h) = 443*h - 1525. Is l(6) prime?
False
Suppose -5*w + 0*w - 48 = -4*m, 24 = 2*m + 4*w. Suppose 9 = 3*z - m. Suppose 0 = -z*l + 551 + 786. Is l a composite number?
False
Let k = 99720 + -54161. Is k a prime number?
False
Suppose -13 = 11*t + 2*t. Let g be 39 - ((-1)/t - -2). Is 6/(-27) - (2 - 2132/g) a prime number?
False
Is ((-70)/525 - 8/(-30)) + 22907311/105 a prime number?
False
Let k be -3*(3 + 0) + 3. Let s = k + 7. Is (630 - 1)*(0 + 0 + s) composite?
True
Is ((-42 + 31)*-28297)/(2 - 1) composite?
True
Let q = 267 - 260. Suppose -20717 = -q*x + 43676. Is x a composite number?
False
Let a be -1 + -1 + -3 + 10. Let i be a*(1 + (-4)/(-20)). Suppose 5*n + b = i*n - 213, -5*n = 5*b - 1045. Is n composite?
False
Let s = -219441 - -370118. Is s prime?
False
Let s(v) = 5*v**3 + 4*v**2 - 10*v + 15. Let h be s(5). Let r = h + 707. Is r a composite number?
True
Let z(d) = 427*d - 38. Let x be z(9). Is (-2*1 + x)/((-17)/(-17)) a prime number?
True
Let g(n) = -n**3 + 8*n**2 + 7*n - 9. Let d be g(7). Let i = 132 - d. Is i/(-2)*(5 + -19) prime?
False
Suppose -255 = -3*y - 5*j, -5*y + 3*j + 465 = -2*j. Suppose -y + 9 = 3*d. Is 2/3 - 33705/d a prime number?
True
Suppose -11*w - 23*w = 9*w - 171527. Is w composite?
False
Suppose 7 = -s, -2*l - 240*s = -237*s - 15101. Is l a composite number?
False
Let n(d) = 8*d**2 - 5*d - 34. Let a be n(16). Suppose -3*j = -a - 697. Is j prime?
True
Let j(z) = 4932*z**2 - 163*z + 49. Is j(-8) a composite number?
True
Let h = -1330 + 3390. Suppose -10*g + h = -3350. Is g a composite number?
False
Let x = -39114 + 76336. Suppose -3417 + x = 5*f. Is f composite?
False
Is 9428936/40 - (-4)/(-10) composite?
False
Suppose 9 = 2*w + 7. Let x be 9*(w - 2/6). Is (-3)/2*(-1928)/x composite?
True
Let q = -1359 - -1363. Let c(n) = n**2 + 3*n - 2. Let d be c(-4). Suppose d*g + 2*s - 3692 = 0, -g = q*g - 3*s - 9238. Is g composite?
False
Suppose 2*r - 6100 = -4*d, 0*r - 5*r = -3*d - 15211. Let k be (10/(-6))/(5/(r - -1)). Let b = 2013 + k. Is b prime?
False
Suppose 0 = 4*s - 3*t - 383407, -2*s + 2*t = -87088 - 104612. Is s composite?
False
Suppose -124 + 112 = -3*s + 2*c, c + 4 = s. Let k(j) = 2*j - j - 5 + 4*j**3 + j**2 - 8*j. Is k(s) composite?
False
Let k = 129 - 131. Let b be (56/(-6))/(-4) + k/(-3). Suppose -b*g = -0*j - 2*j + 151, j - g = 78. Is j a composite number?
False
Let y(h) = 3*h**3 + 4*h**2 + 13*h - 13. Let c be ((-2)/(-3))/((-4)/(-18)). Suppose 2*k = -3*k + c*n + 62, k - n = 14. Is y(k) prime?
True
Let s be 122333 - (-49)/(7 - 0). Suppose -6*o = 6*o - s. Is o a composite number?
True
Let v be (-8 + -8914)/(3/4). Let d = v - -18802. Suppose 178*i = 180*i - d. Is i composite?
True
Suppose 57938 = -20*y + 494238. Is y a prime number?
False
Let u = -61389 + 88020. Let y = u + -14534. Is y a prime number?
True
Let g(i) = -i**3 + 5*i**2 - 2*i. Let f = -32 - -33. Let y be g(f). Suppose -4*p - q + 1481 = 0, -y*q = -p + q + 380. Is p a prime number?
False
Let v be 10/3 + ((-24)/9)/(-4). Let s be v/6 + 7/3. Suppose -2*n - 2*n = -s*k - 559, -4*k + 154 = n. Is n prime?
False
Let x(k) = 8*k**2 + 117*k + 254. Is x(-55) composite?
True
Suppose -7*h + 2*h + 40 = 0. Suppose 0 = -3*r - 12, -a + h = -r + 2. Suppose 0 = -a*t + 5003 + 783. Is t prime?
False
Let y(j) = -j**3 + 23*j**2 + 33*j - 1. Let c be y(23). Suppose 41*t + c = 43*t. Is t a composite number?
False
Let f = -17 + 23. Suppose 0 = 3*r - 6, -f*v = -v - 5*r - 340. Let g = v + 63. Is g prime?
False
Let z(h) = 3*h + 23. Let m be z(7). Is (-2 + m/20)/(12/52620) a composite number?
False
Let z = -1059 + 3553. Suppose -d - 365 + z = 0. Is d a prime number?
True
Let h(g) = g**3 + 24*g**2 + 31*g - 64. Let m be h(-19). Let c = -3678 + 5297. Let d = c - m. Is d composite?
False
Let h be (-5)/11 + (-21)/77*2. Is 0/(h - 3) + (-19018)/(-2) prime?
False
Let o(b) = b**3 - b**2 - 6*b + 2. Let f be o(3). Suppose 0 = f*g - 10, g + 3*g - 210 = -5*v. Suppose v = -2*w + 3*w. Is w a composite number?
True
Let r(w) = 4*w + 36. Let f be r(-8). Suppose -2*o = 5*q + 15, -f*q + 2 = -2. Is (82/42 + o/35)*159 a composite number?
True
Suppose -19*d = -14*d - 270. Suppose d = -5*k + 49. Is 6/6*k + 450 a prime number?
True
Let t(a) = a**3 - 19*a**2 + 34*a + 2. Let m be t(17). Suppose -2*d + 8392 = -5*z, -m*z - z - 20999 = -5*d. Is d a composite number?
False
Suppose 5*t = 3*t + 8. Suppose t*a = 5055 + 2741. Is a a prime number?
True
Let m be (63/126)/(2/(-18664) - 0). Let r = m - -6992. Is r prime?
False
Let l = 988816 - -496579. Is l a prime number?
False
Suppose -148*z - 2*u = -152*z + 19498, 0 = -2*z - 4*u + 9744. Is z composite?
True
Suppose -176 = 3*h + 13*h. Let f(a) = 150*a**2 + 36*a + 23. Is f(h) a composite number?
True
Let u = 43 - 39. Suppose 2*f = 5*r - 7, -5*f = -u*f - 3*r + 5. Suppose -f*b - b = -1955. Is b prime?
False
Let c(y) = 1359*y**2 + 17*y - 127. Is c(6) composite?
True
Let o(w) = -3*w - 15. Let y be o(-6). Let r(h) = -30*h**2 + 2*h - 3. Let x(c) = 59*c**2 - 4*c + 7. Let t(a) = -7*r(a) - 3*x(a). Is t(y) a prime number?
False
Is 85*(-11)/(-187) - 10352/((-2)/2) a prime number?
True
Suppose -2*n + v = -7, 3*n + 4*v = -20 + 3. Let x(t) = 379*t - 4. Let f be x(n). Let h = 1282 - f. Is h composite?
False
Let r be (20/16)/(2/11592). Suppose -h - 2*g = -r, g - 12489 - 9266 = -3*h. Is h a prime number?
True
Suppose v - 14 = -m, 0 = 2*v - 6*m + 2*m - 28. Let q(p) = -18*p - 13 + 0*p - v*p - 26*p. Is q(-6) a prime number?
False
Let a(l) = 53*l**2 - 15*l + 17. Suppose q - v + 13 = 0, -5*q + q = 2*v + 40. Is a(q) a composite number?
True
Let w = -47 - -55. Let j be (-3)/4 + (-2)/(w/(-64675)). Suppose -3088 - j = -8*f. Is f a prime number?
False
Let b = -216 + 406. Let n be (-129)/12 - (-2)/(-8). Let x = n + b. Is x a composite number?
False
Suppose h - 59928 = -r, 5*r + 3*h + h - 299633 = 0. Is r prime?
True
Suppose 2*n - 308 = -12*n. Let b = n - 27. Let k(h) = -2*h**3 + 3*h**2 - 10*h + 4. Is k(b) a prime number?
True
Suppose -4*n + 48 = -4*t, -5*t = -4*n + 21 + 25. Let c(a) = 26*a**2 - 15 - 6*a**3 + 11 - n + 5*a**3 - 44*a. Is c(19) prime?
False
Suppose 4*u + 83130 = -2*u. Let c = u - -38482. Is c a prime number?
False
Let c(s) be the third derivative of 91*s**6/120 + s**5/60 + 5*s**4/12 - 19*s**3/6 + 10*s**2 + 5. Is c(3) composite?
False
Suppose 5*l - 10656 - 117659 = 0. Suppose -17*s = -l + 2526. Is s a prime number?
True
Suppose -v - v = 4*f - 22, -3*f = 5*v - 6. Is (-20)/35 - (-13325)/f a prime number?
False
Suppose 5*s = 2*j + 2*s - 12, 2*j - 8 = s. Suppose -2*h - 8 = -j*q + 3, -5*q + 5*h = -25. Is q/(-8) + 30580/160 a composite number?
False
Suppose -25*p - 433735 = 236315. Let f be ((-2)/3)/(6/(-63)). Is p/(-126) - (-2)/f a composite number?
True
Is (282/(-423))/(((-56)/(-25993356))/(-7)) composite?
False
Let r(w) be the second derivative of w**5/20 - 7*w**4/12 + w**3 + 5*w**2/2 - 5*w. Let n be r(6). Suppose -9 = o - 0*o + 4*d, -31 = -n*o - d. Is o prime?
True
Is (-6)/((-84)/35)*((-2378286)/(-45) - 